/(-6) + 10/15. Suppose 3*r - 5*q - g = -q, 50 = 5*r - 4*q. Is r composite?
True
Suppose -3*m + 657 = 3*o, 6*o = 2*o - 3*m + 877. Let c = 425 - o. Is c a prime number?
False
Suppose 5*o - 2*v - 2*v = 3, 5*v = 2*o + 9. Suppose -r + 51 + 20 = -o*x, 5*x + 135 = 5*r. Let f = x + 89. Is f prime?
True
Let u be (-1)/(-3)*-1*-3. Let b(d) = 1 + 22*d**2 - 2*d + 16*d**2 + 79*d**2 + 11*d**2. Is b(u) a prime number?
True
Let a = -38 + 26. Is (-69)/(-1) - a/(-6) a prime number?
True
Let l = 290 - 141. Suppose 2*y = -2*y - 5*d - 364, 2*d - 8 = 0. Let b = y + l. Is b a composite number?
False
Let z be (-3)/((-27)/(-21))*6. Let c = 36 + z. Is c prime?
False
Let k = 9 - 35. Let r = -13 - k. Is r a composite number?
False
Suppose 4*z - 2 = -2*i, 4*i + i = 3*z + 31. Is (14/(-10))/((-1)/i) a prime number?
True
Suppose 0 = 3*o - 5*o - 472. Let y = 1074 + -661. Let k = o + y. Is k a prime number?
False
Suppose -b + 654 = -2*l + b, 3*b - 657 = 2*l. Let n(a) = -6*a**2 + 6*a - 1. Let d be n(5). Let c = d - l. Is c composite?
True
Let y be 3216/(1 + 3) - 3. Let r = y - 38. Is r a prime number?
False
Let q(r) = -4 + 4*r - 5*r - 4*r + 2*r**2. Suppose 0*c = 4*c + 20. Is q(c) composite?
False
Let w = 13 - 15. Is w - (-2 + 3) - -1484 prime?
True
Let g(d) = 8*d**2 - 3*d - 1. Suppose -4*t - 3*l + 6*l = -16, -5*l = -5*t + 25. Suppose -2*j - 3 = t. Is g(j) composite?
False
Suppose -20 - 28 = -4*x. Suppose -x = 3*r - 7*r. Suppose -y + r*v = -2*v - 9, y = -5*v + 29. Is y a composite number?
False
Is 29/(1/87*3) a prime number?
False
Suppose 24 = 2*l + 2*l. Suppose -2*z - 80 = -l*z. Suppose -5*q - z = 0, -3*o + 32 = 3*q - 58. Is o a prime number?
False
Let k be 4/(-5)*30/12. Let i be 1/k - 258/(-4). Suppose 5*q = 5*v + 265, -2*q = 2*v - 42 - i. Is q composite?
False
Let b(k) = k**2 - 5*k - 7. Let t = -14 - -20. Let f be b(t). Let g(c) = 111*c**2. Is g(f) a composite number?
True
Let p = 0 - 1. Let s be 3*p/(-9)*3. Let x(d) = 52*d**3 + d**2 - d + 1. Is x(s) a composite number?
False
Suppose 2*g + 50 = 3*g. Let l = g - 2. Let r = -14 + l. Is r a prime number?
False
Let k(o) = 4*o**3 - 3*o**2 + 12*o - 10. Is k(9) a composite number?
True
Let w(m) = 0*m**2 - 6 - 7*m**2 + m**3 - 1 + 0 + 7*m. Let r be w(6). Is 2/(-2) + (-38)/r composite?
False
Suppose 3*s + 3*h - 5*h = 987, 0 = -4*s - 2*h + 1330. Is s prime?
True
Suppose -x = 5*q + 24, 0*q - 168 = 4*x - 4*q. Let k = -20 - x. Is k prime?
True
Suppose -4*l + 1662 = 2*a, a + l - 247 = 589. Is a prime?
False
Let h = -2 + 9. Is h a prime number?
True
Let j(z) = -z**3 + 4*z**2 - z - 2. Let p be j(3). Suppose -3*w + a = -158, -p*a - a + 111 = 2*w. Is w composite?
False
Suppose 0 = 2*y + 2*y + 24. Let d be ((-5)/10)/(2/(-32)). Let a = d + y. Is a prime?
True
Suppose 3*n = 8*n - 105. Let z = n - 14. Is z a composite number?
False
Let v = 923 - 103. Let j = 1707 - v. Is j a prime number?
True
Suppose -3*z - 13 = -6*z - 4*x, -4*x = -5*z + 43. Is (-1)/7 - (-582)/z prime?
True
Let h = -16 - -18. Is (-7014)/(-22) + h/11 composite?
True
Let i = 6 + -4. Let q be i/(-4) + (-68)/8. Let t = 18 + q. Is t prime?
False
Suppose 9*k - 11*k = 2. Is 49/(k + -1 - -3) prime?
False
Let m(d) = 10*d + 2. Let l be m(2). Let p be (-54)/15*10/3. Let f = l + p. Is f a prime number?
False
Let z(q) = 0 - 10*q - 2 - 4*q - 3*q. Is z(-5) composite?
False
Let a(y) be the first derivative of -y**2 + 5*y - 3. Let c be a(5). Is (-1194)/c + 1/5 prime?
True
Let m(h) = 427*h - 15. Is m(4) composite?
False
Let l(r) = -5*r**3 - r**2 + 4*r + 5. Is l(-4) a prime number?
True
Suppose -2*i - n + 424 = -107, -5*n = -25. Is i a composite number?
False
Let b(k) = k - 2. Let u be b(-2). Let n = u + 6. Is 69 - (1 + 2/n) a prime number?
True
Let h = 3 + -1. Suppose 0*s - h*s = -130. Is s composite?
True
Suppose 4*l - 4*c = 260 - 92, 2*l + 3*c = 99. Suppose -5*i + z = -3*z - l, 0 = -3*i + 4*z + 27. Suppose 4*b = i*b - 130. Is b a composite number?
True
Let l(j) = 10*j. Let u = -3 + 8. Suppose 0 = -u*f - z, 0 = -z - 2 - 3. Is l(f) a composite number?
True
Let o(p) be the first derivative of -p**4/4 - 11*p**3/3 + 3*p**2/2 - 4*p + 1. Let d(t) = t**2 - t + 1. Let h(s) = 5*d(s) + o(s). Is h(-6) a prime number?
True
Suppose -4*q = 2*h - 22, -2*h + 3*q - 6 = -0. Suppose 0 = 2*v + 2*m - 72, -141 = -h*v - v - 3*m. Is v a prime number?
False
Suppose 648 + 99 = 3*c. Is c a prime number?
False
Let g(z) = -11*z - 1. Let m be g(10). Is 12/(3/1) - m a composite number?
True
Let h(k) = k**2 - k + 2. Let l be h(0). Is (l/(-6))/(1/(-75)) prime?
False
Is (254/(-4))/(7/(-14)) prime?
True
Suppose -4*a + 2*a + 1270 = 0. Is a a prime number?
False
Is (-2)/(-4) - 177/(-2) prime?
True
Is (-2)/(-1)*28 + (-36)/(-12) prime?
True
Suppose 1984 + 3031 = 5*q. Is q prime?
False
Suppose 337 + 332 = 3*x. Is x prime?
True
Let w be (12/8)/(2/4). Is 2/w + (-172)/(-12) a prime number?
False
Let q(d) = 42*d**2. Let t be q(-1). Let w = -23 + t. Is w a composite number?
False
Let b(q) = -11*q**3 - q**2 - 2*q + 5. Is b(-4) a prime number?
True
Suppose -2*l + 43 = -c, -2*l + 30 = -3*c - 11. Let d = -1 + l. Is d a composite number?
True
Let d be -1 + 2 + 382/2. Suppose 0 = -3*a + 5*a - 12. Suppose -y = a*r - 2*r - d, 4*y + 31 = r. Is r composite?
False
Let n(v) be the third derivative of -5*v**4/24 - 13*v**3/6 - 2*v**2. Is n(-7) composite?
True
Suppose 0 = -4*z - 2*b + 1210, 4*b - 10 = 2. Is z a composite number?
True
Suppose 11 = 4*j - 5. Suppose 5*m = j*g - 3446, 3*m - 4*g + 1376 = m. Is m/(-14) - (-2)/(-7) a composite number?
True
Let j(d) = 5*d**2 - 10*d + 24. Is j(-7) a composite number?
True
Let s be (8/12)/(2/(-150)). Let x = s - -27. Let r = 32 - x. Is r a composite number?
True
Let b = -8 + 10. Is 4440/32 + b/8 composite?
False
Suppose -3*o + 10 + 5 = 0. Suppose f + 82 = w, 5*w - o*f + f = 407. Is w composite?
False
Let p(y) = y**3 - 7*y**2 + 5*y + 3. Let r be p(6). Let m(g) be the first derivative of -g**2 + 4*g + 3. Is m(r) a prime number?
False
Let l(d) be the first derivative of d**7/420 + d**6/120 + d**5/40 + d**4/24 - 2*d**3/3 + 2. Let m(b) be the third derivative of l(b). Is m(3) a prime number?
False
Suppose -u + 36 = 2*k, -4*k = -0*u + 3*u - 76. Suppose -25 = -2*n - 5*b + k, 4*b = 2*n - 50. Let p = -9 + n. Is p prime?
False
Let r(i) = -i**3 + 34. Let l be r(0). Let w = 75 - l. Suppose -h = -w - 26. Is h composite?
False
Suppose 154 = -3*f + f. Is 761/11 - (-14)/f a prime number?
False
Let d(t) be the third derivative of t**5/10 + 2*t**3/3 + 2*t**2. Is d(3) a composite number?
True
Let q(i) = -5*i + 10. Suppose 3*r + 1 = -14. Is q(r) a composite number?
True
Let j be (-1)/4*-2*0. Let q(c) = 4*c**2 + 4*c - 2. Let m be q(-2). Suppose j = d - m*d + 115. Is d prime?
True
Let u(w) = -46*w + 16. Let i be u(11). Let y = -275 - i. Is y composite?
True
Suppose 0 = 21*y - 19*y - 1358. Is y prime?
False
Let k be -1*1 + 53 + -1. Suppose 3*d + 13 = -2*l - 45, -l - 24 = 4*d. Let z = k + l. Is z a composite number?
False
Let s = 29 + 60. Is s a composite number?
False
Suppose -23*f + 26*f = 21129. Is f prime?
True
Let a = 42 + -9. Is a composite?
True
Let f(w) = -w**3 + 4*w**2 + 6*w - 3. Let g be f(5). Suppose 0 = -g*n + 5*i + 116, -2*n + 51 = 4*i - 47. Is n composite?
False
Suppose 0 = 2*b + 5*n - 377, 2*n + 184 = 4*b - 582. Is b a prime number?
True
Suppose 0 = 4*q - 0*q - k - 452, -4*q = -3*k - 452. Is q a composite number?
False
Is 6/(-32)*-1018 - (-5)/40 a composite number?
False
Suppose 5*m = -4*p + 17, -4*p - m = -3*m - 10. Suppose p*l = -5*n - 0*n + 2200, n - 5*l = 468. Is n composite?
False
Is 0 - -2 - (-1 - 259) composite?
True
Suppose -140 + 413 = r. Suppose 0 = -5*h + 5*v + 930, -2*h + 562 = h - 4*v. Suppose -5*i = -2*d - d + r, h = 2*d - 4*i. Is d a prime number?
False
Let l = 339 + -178. Is l a prime number?
False
Is ((-1)/1)/((-2)/(18052/2)) composite?
False
Suppose 5*f = -2*r + 210, -2*f + 7*f + 525 = 5*r. Suppose 5*y - 50 - r = -p, -5*y - 125 = -p. Suppose 3*b - m - p = -0*m, -b + 3*m = -44. Is b a prime number?
True
Let i(n) = n**3 + 6*n**2 + 4*n + 7. Let y be i(-5). Let x = -63 + 128. Let b = y + x. Is b composite?
True
Let l = 298 - 487. Let b = l + 275. Is b prime?
False
Let o be (-1 + -6)*24/(-14). Suppose -o = -4*h, -2*t - h = 2*t + 45. Let z = t - -18. Is z a composite number?
True
Suppose -3*j = -3*r + 120, 72